1 - (-28 - -26). Calculate the greatest common factor of l and 128.
16
Let j = 9 - 3. Suppose -3*i = -3*b - 5 - 19, 0 = -2*i - 2*b + 8. Calculate the highest common factor of j and i.
6
Let r(a) = a - 1. Let q be r(5). What is the highest common divisor of q and 36?
4
Let o(b) = b**3 - 7*b**2 + 4. Let q be o(7). Suppose 488 = -4*v - 4*t, -v + 394 = -q*v + 4*t. Let a = -78 - v. What is the highest common factor of 6 and a?
6
Let g(l) be the first derivative of 13*l**3/3 - l - 4. Let u be g(-1). Calculate the greatest common divisor of 6 and u.
6
Let z(o) = 3*o + 36. Let d be z(-10). What is the highest common divisor of d and 24?
6
Suppose -75 = -2*b + 21. What is the highest common factor of b and 32?
16
Suppose -2*w - 4*p + 487 = 121, 9 = 3*p. Let y = w - 34. Calculate the greatest common divisor of y and 13.
13
Let h(q) = q**3 + q**2 + 2*q + 2. Let p be h(2). Calculate the highest common divisor of p and 90.
18
Let p be 60/35*(23 - 2). Calculate the highest common factor of 27 and p.
9
Suppose 3*k - 2*k + 16 = 0. Let c = -34 + 60. Let d = c + k. Calculate the greatest common factor of 20 and d.
10
Suppose c - 9 + 65 = 3*j, -2*j - 3*c = -52. Let d be (0 + 2)*(-4)/(-1). What is the greatest common divisor of j and d?
4
Let i be -11*(2 - (2 - 1)). Let z = -7 - i. Let k be 1*(-2)/(z/(-162)). Calculate the greatest common factor of 9 and k.
9
Let o be (1/2)/((-1)/(-24)). Calculate the greatest common divisor of o and 132.
12
Suppose -3*k = -3*z + 339, -3*k + 147 = 4*z - 298. Calculate the highest common factor of 16 and z.
16
Let t = 275 - 215. Calculate the greatest common factor of t and 12.
12
Let c be 4/6 + 68/6. Suppose 268 = 2*d + z, 0 = -6*d + 2*d - 5*z + 548. Calculate the greatest common factor of c and d.
12
Let m(l) = -l**3 + 10*l**2 + l - 13. Let q be m(9). Calculate the greatest common divisor of q and 11.
11
Suppose -5*f + 3*f = -5*u + 25, 2*u + 2*f = -4. Suppose -4*l = 3*b + 29, -u*b - 3*l - 24 = -0*b. Let w = b - -5. What is the greatest common factor of w and 14?
2
Suppose -2*o + 14 = -5*z, -4*o - 2*z + 72 = -z. Let i = -18 - -35. Calculate the highest common divisor of o and i.
17
Let q = 99 - 47. What is the greatest common divisor of 39 and q?
13
Suppose -2*i - 3*d + 16 = -0*d, -3*i + 2*d + 24 = 0. Let y = i - 3. Let l be ((-8)/(-12))/(4/12). Calculate the greatest common divisor of y and l.
1
Let i(d) = -11*d + 1. Let v be (3/4)/((-1)/8). Let m be (-10)/3*v/(-5). Let z be i(m). What is the highest common factor of 5 and z?
5
Let g be ((-2)/3)/(2/(-15)). Suppose -56 = g*p - 7*p. Calculate the greatest common factor of 112 and p.
28
Suppose 0 = -2*p + 2 + 4. Let x be (16/p)/(32/144). What is the highest common divisor of 48 and x?
24
Suppose -z = 2*z - 9. Suppose 5*p - 3*y - 20 = 4, z*p + 4*y = 26. Suppose -c + p*c = 210. Calculate the highest common factor of c and 6.
6
Let n = 9 - 0. Suppose 4*u = u + 420. Let h = -95 + u. What is the greatest common factor of n and h?
9
Let m(j) = j**3 + 9. Let o = 8 - 8. Let s be m(o). Calculate the greatest common factor of 63 and s.
9
Let w be (1 + -3)/((-13)/156). Let h be 481/4 - (-2)/(-8). What is the highest common factor of w and h?
24
Suppose 0*b + 64 = 2*b. Suppose -38 = -5*r + b. Calculate the greatest common divisor of 70 and r.
14
Let m be 3/4 - (-332)/(-16). Let t = -10 - m. What is the highest common divisor of 90 and t?
10
Let m(j) = j**3 + 9*j**2 + 3*j - 21. Let x be m(-7). Calculate the greatest common factor of 42 and x.
14
Suppose a + 2*a - 27 = 3*z, z = 4*a - 30. Let c be (-1)/((-1)/28 - 0). Calculate the greatest common factor of c and a.
7
Suppose 2*y = 2*r + 16, 5*y - 35 = -5*r + 35. Let l be 196/6 + 1/3. What is the greatest common factor of l and y?
11
Let s = -1 + 4. Let v be 723/9 - 1/s. What is the highest common divisor of 10 and v?
10
Suppose -g + 1 = -1. Suppose g*k - 42 = -k. Let r = 67 + k. What is the highest common factor of 9 and r?
9
Let a = -15 + 27. What is the greatest common factor of a and 2?
2
Suppose -2*j = 2*i + 2*i - 60, 3*i = -4*j + 110. Let v be 0 + 2 + 18/2*7. What is the greatest common factor of j and v?
13
Let k(g) = -g**2 - 3*g - 1. Let x be k(-2). Let o be (2/x)/(6/87). Suppose 3*j = l + o, 42 + 8 = 5*j - 2*l. What is the greatest common factor of j and 64?
8
Suppose 3*p + 5*h = 444, -5*p - 2*h + 1062 = 341. Suppose 0 = -4*c + 2*l + p - 7, -l = 4*c - 136. Calculate the highest common factor of 51 and c.
17
Let q = 79 + 71. What is the highest common divisor of 30 and q?
30
Let w(b) be the second derivative of b**5/20 - b**4/6 + b**3/3 - b**2/2 - 4*b. Let c be w(3). Calculate the highest common factor of c and 14.
14
Let r = -40 - -45. What is the greatest common factor of 15 and r?
5
Let d(g) = -g - 2. Let q = -13 - -6. Let h be d(q). What is the highest common factor of 35 and h?
5
Let p be 23*20*(-36)/(-90). What is the highest common factor of 23 and p?
23
Let l = 60 - 36. Calculate the greatest common divisor of l and 60.
12
Let d(t) = t**2 + 3*t - 7. Let p be d(3). Let c(g) = g + 3. Let f be c(0). Let w = p + f. Calculate the highest common factor of 35 and w.
7
Let m(g) = 3*g**2 - 4*g + 1. Let l be m(3). Let x = -12 + l. What is the highest common divisor of x and 16?
4
Let c = 43 - 38. Calculate the greatest common factor of 65 and c.
5
Let t = 4 + -4. Suppose -4*q + 32 + 100 = t. Calculate the greatest common factor of 3 and q.
3
Suppose 4*s - 767 = -5*v, -v = -6*v - 25. What is the highest common divisor of 22 and s?
22
Let n(s) = s + 1. Let l be n(-1). Suppose 0 = -l*a + 2*a - 2. Let o(f) = f**2 - 8*f - 1. Let u be o(9). What is the greatest common divisor of a and u?
1
Suppose -4*x + 35 = -21. Let v be (-34)/(-6) - 4/6. Suppose 3*u + 65 = 3*s - 2*s, -5*u = v*s - 265. Calculate the highest common divisor of s and x.
14
Suppose 4*k + 4*a = 20, 7*k + 3*a - 23 = 2*k. Suppose -3*s = -s - 12. Let i = k + s. What is the highest common factor of 2 and i?
2
Let c be (-2)/2 + 150/6. Calculate the greatest common factor of 168 and c.
24
Let j = -13 - -109. Let i = -41 + j. What is the greatest common divisor of 22 and i?
11
Let u be (0 + (-2)/(-4))*0. Suppose f + 4*f + x = 221, 4*x + 16 = u. What is the greatest common divisor of 9 and f?
9
Let b(c) = 4*c - 10. Let h be b(5). Calculate the greatest common divisor of 40 and h.
10
Suppose 4*f - 2*z = 120, 0*f - f + 5*z + 48 = 0. Calculate the highest common factor of f and 4.
4
Let v(m) = 17*m**2 + 3*m + 4. Let s be v(-1). What is the highest common factor of 216 and s?
18
Suppose 4*t = -20, -a + 48 = -0*a + 3*t. What is the highest common factor of a and 9?
9
Let t be 1 + 1 - 5*-2. Let k be (22/4)/(2/t). Calculate the greatest common divisor of k and 22.
11
Let g be ((-4)/(-8))/((-1)/(-36)). Suppose -g = i - 2*i. What is the highest common divisor of 12 and i?
6
Suppose 2*s = 4*f - 126, -3*f - 3*s + 63 + 18 = 0. Calculate the highest common divisor of f and 6.
6
Let b(d) = -34*d**3 - d. Let h be b(-1). Suppose 3*v + 47 = -4*m, -3*m = -0*v - 5*v - 1. Let g = m - -13. What is the greatest common factor of g and h?
5
Let k(n) = 4*n + 11*n - 3*n + 2*n**2 + 11 - n. Let u be k(-7). What is the highest common divisor of 8 and u?
8
Let n(p) = -p**3 + 10*p**2 + 2*p - 14. Let l be n(10). Calculate the highest common factor of 42 and l.
6
Let n = 22 - -24. What is the highest common divisor of 115 and n?
23
Let u(q) = q**3 + 10*q**2 - 3*q. Let h be u(-10). What is the highest common factor of 10 and h?
10
Suppose 4*k - 1 = 7. Suppose -1 = -k*c + 3. Suppose 0 = 2*y - 4 - c. Calculate the greatest common factor of y and 15.
3
Let y = -25 + 28. Suppose 0 = -3*f - 3*z + 3, -3*f + 5 = -5*z + 2. Calculate the greatest common divisor of y and f.
1
Let x be 22/4 - (-1)/2. Suppose 0 = -f + 7 - 5. What is the highest common divisor of f and x?
2
Let l(m) = -21*m - 31. Let k be l(-13). What is the highest common divisor of 22 and k?
22
Suppose 4*x - 53 = 2*v + 3*v, 3*x = -2*v + 34. Let z(l) = 3*l + 0 - 2 - 2*l. Let f be z(6). Calculate the highest common factor of f and x.
4
Let d = -1 + 1. Let x(j) = j**2 + j**3 + 3*j + 3*j - 4*j + 12 - 3*j. Let k be x(d). What is the greatest common factor of 30 and k?
6
Let a = 14 + -2. Let u(b) = -b**3 - 9*b**2 - 7*b + 11. Let r be u(-8). Calculate the greatest common